, 2*i - 2*m = m + 1465. What is the tens digit of i?
4
Let f(c) be the second derivative of c**4/12 - c**3/6 - 3*c**2 - 2*c + 91. Let s be (0 - (-1 - 5))/1. What is the units digit of f(s)?
4
Suppose 9*w - 204 = 8*w. Let j = w - 136. What is the tens digit of j?
6
What is the units digit of (54/15 + 6)*5?
8
Let g = -18 - -20. Let q be g/7 + 1211/49. Suppose 0 = s - q - 0. What is the tens digit of s?
2
What is the tens digit of (-4*15 - 6)*-3?
9
Let u = -38 + 41. Suppose -484 = -5*c + 4*l, -u*c + 2*l + 222 = -70. What is the tens digit of c?
0
Let f = 28 - -124. Let t = f - 78. What is the units digit of t?
4
Let o = -59 - -50. What is the units digit of (-2)/(-4) + (o - 1828/(-8))?
0
Let j(y) = 7*y**2 + 15*y + 15. Let t be j(11). Suppose -v + t = -52. What is the tens digit of v/52 - 2/(-8)?
2
Let i be 2/(-6) - 276/(-18). Let u = i - 16. What is the units digit of 18 + (3 - u/(-1))?
0
Suppose -11*z = 30*z - 52357. What is the hundreds digit of z?
2
Suppose 5*g + 0*k = 3*k + 12, 2*g + 5*k - 11 = 0. Suppose -g*l + 7 = -17. What is the units digit of l?
8
Suppose -5*v + 5*w = -v - 9138, 3*w = 5*v - 11416. What is the units digit of (-16)/136 + v/34?
7
Suppose -2*y = -b + 3*b - 1154, 4*y + 602 = b. Let u = -416 + b. What is the hundreds digit of u?
1
Suppose 4*q + 12 = 4*y, 0*y - 3*q = 5*y - 31. Suppose 132 = 2*z - 4*b + 5*b, y*z + 2*b = 330. What is the tens digit of z?
6
Suppose -3*s - 4*g = 43, -3*s - 3*g = -s + 27. Let n = s - -21. Suppose 0 = -2*h + 4*i + 34, 5*h + n*h - 5*i = 105. What is the tens digit of h?
2
Suppose -11*d = -6*d - 35. Suppose -2*k - 455 = -d*k. What is the units digit of k?
1
Let l = -969 - -2662. What is the units digit of l?
3
Suppose -1123*t - 1136 = -1127*t. What is the tens digit of t?
8
Let z be -3 + (-70)/(-8) + (-6)/(-24). What is the hundreds digit of z/9 - (-2488)/12?
2
Let g(z) = -2*z**2 - 122*z - 32. What is the tens digit of g(-36)?
6
Suppose 0 = -3*h - 9 + 27. Let j be (-2)/h - 1/(-3). Suppose -4*p + 86 = 5*t, j = -t + 2*p + 10 + 10. What is the units digit of t?
8
Suppose 16*u - 15*u + b - 1506 = 0, 0 = 3*u - b - 4510. What is the hundreds digit of u?
5
Let q = -1391 + 1399. What is the units digit of q?
8
Let q(t) = -t**2 + 8*t + 10. Let y(r) = -r**3 + 10*r**2 - 9*r + 4. Let x be y(9). Suppose -4 = -o + x. What is the tens digit of q(o)?
1
Let b be (-114)/(-27) - (-2)/(-9). Suppose -p + 5*q = -9, -b*p = -3*q - 153 + 32. Suppose -8*t = -6*t - p. What is the tens digit of t?
1
Suppose -2*s + 5*c = 3*s - 575, 3*s + 4*c = 366. What is the tens digit of s*(-3 - 14/(-4))?
5
Suppose 0 = 9*o - 0*o. Suppose o = 2*h + v - 169, h + 3*v = -v + 95. What is the units digit of h?
3
Let n(l) = 2*l**2 + 3*l + 76. What is the units digit of n(9)?
5
Let s(l) = -l - l + 3*l**3 - 1 + 5. What is the units digit of s(2)?
4
Let r = -3544 - -6097. What is the thousands digit of r?
2
Let f = -3 + -4. Let w be 36/f - (-14)/98. Let j = 11 + w. What is the units digit of j?
6
Let g(q) = -27*q**3 + q**2 + 19*q + 9. What is the thousands digit of g(-4)?
1
Let p = -13 + 15. Let l be 122/p + -1 + 0. Suppose 4*o - l = -r, 3*o - 2*o + 5*r = 15. What is the units digit of o?
5
Suppose -7 = 4*x - 0*d + d, -4*d + 12 = -4*x. What is the units digit of x - 0 - (-117 + -15)?
0
Suppose -57*p + 22741 + 28958 = 0. What is the tens digit of p?
0
Suppose 5*h - 1920 = -5*q, -4*h + 3*q + 1173 + 349 = 0. Suppose 89 = -4*a - s + 463, -3*s - h = -4*a. What is the units digit of a?
4
Suppose 20106 + 12161 = 41*z. What is the units digit of z?
7
Let h = -889 + 1045. What is the units digit of h?
6
Suppose q - 58 - 1469 = 0. What is the thousands digit of q?
1
Let i be (-4 + -71)*(-6)/9. Suppose -3*g + 53 + 97 = -d, -5*d = g - i. What is the tens digit of g?
5
Suppose 15*h + 24064 = 62*h. What is the tens digit of h?
1
Suppose 5*j + 0*m - 745 = -5*m, m = -4*j + 605. What is the tens digit of j?
5
Let g = -218 + 736. What is the units digit of g?
8
Let v be 57/2*(-38)/57. What is the units digit of (-95 - -1)/(-21 - v)?
7
Let w = 2641 + -1164. What is the units digit of w?
7
Suppose -v - 2*n - 5 = 1, 3*n = 2*v - 2. Let a(w) = -w**2 - 3*w - 2. Let m be a(v). Suppose -12 = -3*f - m*f. What is the units digit of f?
4
Let c = 4402 - 2325. What is the thousands digit of c?
2
Let v(f) = f**2 + 9*f + 26. Let x be v(-8). Let c(i) = i**3 - 19*i**2 + 17*i + 20. What is the units digit of c(x)?
2
Suppose -a + 2*k - 6*k + 3 = 0, 0 = -a - 2*k - 3. Let b = a - -10. Let m = b - -16. What is the units digit of m?
7
Suppose -19940 = -3957*i + 3947*i. What is the units digit of i?
4
Let q(v) = -10*v**3 - v**2 + 9*v + 5. What is the hundreds digit of q(-4)?
5
Suppose -7 = -3*w + 5. Suppose w*u - 6 = 10. Let z(q) = 2*q**2. What is the tens digit of z(u)?
3
Let o = 2 + 130. Suppose -o = -2*q + q. Suppose -5*n + q - 5 = -2*c, -2*c - 100 = -4*n. What is the units digit of n?
7
Let o = -1548 + 2809. What is the tens digit of o?
6
What is the units digit of 1490 + 8 + (3 - -2)?
3
What is the units digit of (-60)/(-15) + (87 - 2)?
9
Let d = 18 + -13. What is the units digit of d + (-1062)/(-12) + 2/(-4)?
3
Let i be 2 - (-3)/((-15)/(-20)). What is the units digit of (-7)/((-35)/i)*(-4360)/(-16)?
7
Let w(c) = -5*c**3 - c**2 + 2*c - 1. Suppose -f + 4*b = -3*f + 16, -3*b + 5 = 5*f. Let o be w(f). Suppose -z + o = -0*z. What is the tens digit of z?
3
Let l(r) be the second derivative of 19*r**4/12 + r**3/3 + 23*r. What is the tens digit of l(-3)?
6
Let k(o) = o**3 - 12*o**2 - o + 11. Let d be k(12). Let v(n) = -97*n**3 + 2*n + 1. What is the units digit of v(d)?
6
Let y = -11 + 20. Suppose -y*v + 156 = -6*v. Let z = 103 - v. What is the units digit of z?
1
Let w(d) be the first derivative of -d**4/4 - 11*d**3/3 - 11*d**2/2 - 4*d - 2. Let q be (-1)/5 + (-245)/25. What is the units digit of w(q)?
6
Suppose -2*h - 30 = -3*o, -5*h - 92 = 2*o - o. Let i(q) = q**3 + 15*q - 8 + 8 - 12 - 11 + 19*q**2. What is the units digit of i(h)?
1
Let g(x) = x**2 + 5*x + 26. What is the tens digit of g(11)?
0
Let i(f) = 2*f**2 + 8*f + 62. What is the units digit of i(17)?
6
Suppose 0 = -2*a - 5*k + 67, 3*a - 5*k - 128 - 10 = 0. Suppose a + 200 = m. What is the hundreds digit of m?
2
Let q be (0/3)/2 - -4. Suppose -198 = -3*i + 4*r, 2*i - q*r + 50 = 3*i. Suppose 2*y - 7*y = -3*o - i, 41 = 3*y + 2*o. What is the tens digit of y?
1
Suppose -2*b + 399 = -0*b - n, 3*b + 3*n = 576. What is the units digit of b?
7
Suppose -9*x - 270 = -11*x. Suppose 3*g - x = -36. Let r = -31 + g. What is the units digit of r?
2
Let x(n) = -n**2 - 13*n - 1. Let o be x(-3). Let k = o - 21. What is the units digit of k?
8
Suppose 0 = 2*p - 4 - 4, -2*y - 3*p = -24. Suppose -y*g + 2*g + 99 = 5*d, 2*g + 3*d - 51 = 0. What is the units digit of g?
1
Suppose -5*q = r - 25, 0*r = -5*q - 4*r + 25. Suppose -4*d + q*t + 51 = -56, 0 = -d - 5*t + 8. What is the units digit of d?
3
Let x = 974 + -466. What is the hundreds digit of x?
5
Suppose 2*z - 5*z = -4*n + 423, 0 = -4*n - 3*z + 393. What is the tens digit of n?
0
Let f = 280 + 325. What is the units digit of f?
5
What is the units digit of ((-1394)/(-4) + 1)/(36/336)?
2
Let k(a) = -4*a**2 - a + 1. Let z be k(1). Let b = 1 + z. What is the units digit of (0/(-4) - -56) + b?
3
Let y be 226/7 - 4/14. Suppose -3*h = h - y. Suppose -9*x = -h*x - 30. What is the tens digit of x?
3
Let b = -564 + 1001. What is the tens digit of b?
3
Let t(l) be the third derivative of 49*l**5/60 + l**4/24 + 27*l**2. What is the tens digit of t(1)?
5
Let x = -4028 + 5852. Suppose x - 200 = 7*i. What is the units digit of i?
2
Let p(s) = s**2 - s - 1. Let r = -15 + 8. Let g be -2 + 5 + r + 1. What is the tens digit of p(g)?
1
Suppose -2*s + 207 - 66 = -3*o, 0 = 3*s + 5*o - 240. What is the tens digit of s?
7
Let t = -9 - -11. Suppose -42 = -t*r - 0*r - 3*j, j = r - 21. Suppose r*l = 16*l + 330. What is the units digit of l?
6
Let o(l) = -1047*l + 12. What is the tens digit of o(-1)?
5
Let r(i) = i**3 - 12*i**2 + 31*i - 160. Let u be r(11). Let n = -2 - -4. Suppose n*k = 2*p - 2*k - u, 3*k + 93 = 3*p. What is the tens digit of p?
3
Suppose 5*u + 192 = 2*b, b + 10*u = 13*u + 94. What is the hundreds digit of b?
1
Suppose 11*l + 3097 - 10830 = 0. What is the hundreds digit of l?
7
Let u = -31 - -33. What is the un